{"id":65,"date":"2012-10-04T19:01:17","date_gmt":"2012-10-04T17:01:17","guid":{"rendered":"http:\/\/freedomdc.fr\/?page_id=65"},"modified":"2026-04-15T09:14:19","modified_gmt":"2026-04-15T08:14:19","slug":"agenda","status":"publish","type":"page","link":"https:\/\/freedomdc.fr\/?page_id=65","title":{"rendered":"&#8212; Agenda &#8212;"},"content":{"rendered":"<h1><\/h1>\n<p>&nbsp;<\/p>\n<ul>\n<li><span style=\"text-decoration: underline; background-color: #ffcc99;\"><strong><em><span style=\"font-size: 18pt; font-family: 'comic sans ms', sans-serif; background-color: #ffcc99;\">Ev\u00e8nements pour 2026 :<\/span><\/em><\/strong><\/span><\/li>\n<\/ul>\n<p>&nbsp;<\/p>\n<ul>\n<li><span style=\"font-family: 'comic sans ms', sans-serif; background-color: #ccffff;\"><strong><span style=\"font-size: 16pt; background-color: #ccffff;\"><span style=\"text-decoration: underline;\">Samedi 6 juin<\/span> : Repas fin d&rsquo;ann\u00e9e adh\u00e9rents avec<\/span><\/strong><\/span><\/li>\n<li><span style=\"font-family: 'comic sans ms', sans-serif; background-color: #ccffff;\"><strong><span style=\"font-size: 16pt; background-color: #ccffff;\">\u00a0 \u00a0 \u00a0 \u00a0 \u00a0 \u00a0 \u00a0 \u00a0 \u00a0remise des cadeaux aux animatrices.<\/span><\/strong><\/span><\/li>\n<li><span style=\"font-size: 16pt; font-family: 'comic sans ms', sans-serif; background-color: #ffff99;\"><strong><span style=\"text-decoration: underline;\">Vendredi 25 sept<\/span><\/strong> :\u00a0 \u00a0<strong> A.G. et P\u00e4ella adh\u00e9rents<\/strong><\/span><\/li>\n<li><span style=\"font-size: 16pt; font-family: 'comic sans ms', sans-serif;\"><strong><span style=\"text-decoration: underline;\">Dimanche 4 octobre<\/span><\/strong> : Apr\u00e8s-midi Interclubs 100% country<\/span><\/li>\n<li><span style=\"font-size: 16pt; font-family: 'comic sans ms', sans-serif;\"><strong><span style=\"text-decoration: underline;\">Vendredi 6 novembre<\/span><\/strong> : Interclubs 100% country<\/span><\/li>\n<\/ul>\n<p>&nbsp;<\/p>\n<p>&nbsp;<\/p>\n<p><span style=\"font-family: 'comic sans ms', sans-serif; color: #993300; background-color: #ffff99;\"><em><strong><span style=\"font-size: 14pt;\">( <span style=\"text-decoration: underline; color: #ff0000;\">Nota<\/span>\u00a0 : \u00a0<span style=\"text-decoration: underline;\">Nos soir\u00e9es anim\u00e9es par Nadine PEYROT ont lieu \u00e0 la salle des f\u00eates de Seysses, chemin des Boulbennes, de 20h00 \u00e0 1h &#8211;\u00a0 Ouverture des portes \u00e0 19h45 avec un pr\u00e9bal \u00e0 20h00) &#8211; <\/span><\/span><\/strong><\/em><\/span><\/p>\n<p><span style=\"font-family: 'comic sans ms', sans-serif; color: #993300; background-color: #ffff99;\"><em><strong><span style=\"font-size: 14pt;\"><span style=\"text-decoration: underline;\">&#8211; Entr\u00e9e 5\u20ac (<span style=\"color: #ff0000; text-decoration: underline;\">Adh\u00e9r. 3 \u20ac)<\/span>, une bouteille d&rsquo;eau ou un caf\u00e9 offerts avec p\u00e2tisseries et confiseries.<br \/>\n<\/span><\/span><\/strong><\/em><\/span><\/p>\n<p><span style=\"background-color: #ffff99;\">\u00a0<\/span><\/p>\n<p><span style=\"font-family: comic sans ms,sans-serif;\"><em>\u00a0<\/em><\/span><\/p>\n<h3 style=\"padding-left: 30px;\"><strong><span style=\"text-align: center;\">\u00a0<\/span><\/strong><\/h3>\n<h3 style=\"padding-left: 30px;\"><strong>\u00a0<\/strong><\/h3>\n<p style=\"padding-left: 30px;\"><img loading=\"lazy\" decoding=\"async\" class=\"alignleft size-full wp-image-340\" src=\"http:\/\/freedomdc.fr\/wp-content\/uploads\/bando-def.png\" alt=\"\" width=\"650\" height=\"80\" srcset=\"https:\/\/freedomdc.fr\/wp-content\/uploads\/bando-def.png 650w, https:\/\/freedomdc.fr\/wp-content\/uploads\/bando-def-300x36.png 300w\" sizes=\"auto, (max-width: 650px) 100vw, 650px\" \/><\/p>\n","protected":false},"excerpt":{"rendered":"<p>&nbsp; Ev\u00e8nements pour 2026 : &nbsp; Samedi 6 juin : Repas fin d&rsquo;ann\u00e9e adh\u00e9rents avec \u00a0 \u00a0 \u00a0 \u00a0 \u00a0 \u00a0 \u00a0 \u00a0 \u00a0remise des cadeaux aux animatrices. Vendredi 25 sept :\u00a0 \u00a0 A.G. et P\u00e4ella adh\u00e9rents Dimanche 4 octobre : Apr\u00e8s-midi Interclubs 100% country Vendredi 6 novembre : Interclubs 100% country &nbsp; &nbsp; ( &hellip; <\/p>\n<p><a class=\"more-link block-button\" href=\"https:\/\/freedomdc.fr\/?page_id=65\">Lire la Suite &raquo;<\/a><\/p>\n","protected":false},"author":1,"featured_media":0,"parent":0,"menu_order":0,"comment_status":"closed","ping_status":"closed","template":"","meta":{"footnotes":""},"class_list":["post-65","page","type-page","status-publish","hentry","nodate"],"_links":{"self":[{"href":"https:\/\/freedomdc.fr\/index.php?rest_route=\/wp\/v2\/pages\/65","targetHints":{"allow":["GET"]}}],"collection":[{"href":"https:\/\/freedomdc.fr\/index.php?rest_route=\/wp\/v2\/pages"}],"about":[{"href":"https:\/\/freedomdc.fr\/index.php?rest_route=\/wp\/v2\/types\/page"}],"author":[{"embeddable":true,"href":"https:\/\/freedomdc.fr\/index.php?rest_route=\/wp\/v2\/users\/1"}],"replies":[{"embeddable":true,"href":"https:\/\/freedomdc.fr\/index.php?rest_route=%2Fwp%2Fv2%2Fcomments&post=65"}],"version-history":[{"count":323,"href":"https:\/\/freedomdc.fr\/index.php?rest_route=\/wp\/v2\/pages\/65\/revisions"}],"predecessor-version":[{"id":2980,"href":"https:\/\/freedomdc.fr\/index.php?rest_route=\/wp\/v2\/pages\/65\/revisions\/2980"}],"wp:attachment":[{"href":"https:\/\/freedomdc.fr\/index.php?rest_route=%2Fwp%2Fv2%2Fmedia&parent=65"}],"curies":[{"name":"wp","href":"https:\/\/api.w.org\/{rel}","templated":true}]}}